{"id":118,"date":"2024-04-20T13:52:25","date_gmt":"2024-04-20T13:52:25","guid":{"rendered":"https:\/\/gemeinsam-skaten.at\/?page_id=118"},"modified":"2024-04-20T14:05:06","modified_gmt":"2024-04-20T14:05:06","slug":"aktivitaeten","status":"publish","type":"page","link":"https:\/\/gemeinsam-skaten.at\/?page_id=118","title":{"rendered":"Aktivit\u00e4ten"},"content":{"rendered":"<div id=\"metaslider-id-25\" style=\"width: 100%;\" class=\"ml-slider-3-50-0 metaslider metaslider-flex metaslider-25 ml-slider ms-theme-default\" role=\"region\" aria-roledescription=\"Slideshow\" aria-label=\"New Slideshow\">\n    <div id=\"metaslider_container_25\">\n        <div id=\"metaslider_25\">\n            <ul aria-live=\"polite\" class=\"slides\">\n                <li style=\"display: block; width: 100%;\" class=\"slide-36 ms-image\" aria-roledescription=\"slide\" aria-label=\"slide-36\"><img loading=\"lazy\" decoding=\"async\" src=\"https:\/\/gemeinsam-skaten.at\/wp-content\/uploads\/2023\/08\/2.jpg\" height=\"1200\" width=\"2000\" alt=\"\" class=\"slider-25 slide-36\" title=\"2\" \/><\/li>\n                <li style=\"display: none; width: 100%;\" class=\"slide-40 ms-image\" aria-roledescription=\"slide\" aria-label=\"slide-40\"><img loading=\"lazy\" decoding=\"async\" src=\"https:\/\/gemeinsam-skaten.at\/wp-content\/uploads\/2023\/08\/3.jpg\" height=\"1200\" width=\"2000\" alt=\"\" class=\"slider-25 slide-40\" title=\"3\" \/><\/li>\n                <li style=\"display: none; width: 100%;\" class=\"slide-42 ms-image\" aria-roledescription=\"slide\" aria-label=\"slide-42\"><img loading=\"lazy\" decoding=\"async\" src=\"https:\/\/gemeinsam-skaten.at\/wp-content\/uploads\/2023\/08\/4.jpg\" height=\"1200\" width=\"2000\" alt=\"\" class=\"slider-25 slide-42\" title=\"4\" \/><\/li>\n            <\/ul>\n        <\/div>\n        \n    <\/div>\n<\/div>\n\n\n\n<h2 class=\"wp-block-heading\">So, 21.04.2024 Skate-Flohmarkt <\/h2>\n\n\n\n<div class=\"wp-block-columns is-layout-flex wp-container-core-columns-is-layout-9d6595d7 wp-block-columns-is-layout-flex\">\n<div class=\"wp-block-column is-layout-flow wp-block-column-is-layout-flow\">\n<p>Am Sonntag, den 21. April 2024, wird die Skate-Community am Skatepark unter der Nordbr\u00fccken einen aufregenden Tag erleben, denn der Verein &#8222;Gemeinsam Skaten&#8220; l\u00e4dt zum ultimativen Skate-Flohmarkt ein! <\/p>\n\n\n\n<p>Von <strong>13:00 bis 17:00 Uhr<\/strong> wird der Skatepark zum Treffpunkt f\u00fcr alle Skate-Enthusiasten (Skateboard, Rollschuh und Inlineskates) und solche, die es werden wollen.<\/p>\n\n\n\n<p>Der Skate-Flohmarkt ist f\u00fcr alle offen. Jeder und jede kann selber seine Sachen mitbringen und ausstellen. <\/p>\n\n\n\n<p>Hier findest du nicht nur eine riesige Auswahl an Skateboards, sondern auch alles, was das Skater-Herz begehrt: von Achsen \u00fcber Wheels bis hin zu T-Shirts und Hosen \u2013 hier gibt es einfach alles, was du f\u00fcr dein n\u00e4chstes Skate-Abenteuer brauchst.<\/p>\n\n\n\n<p>Wir hoffen, dass auch Stuff f\u00fcr Rollschuhfahrer*innen und Inlineskater*innen zusammen kommt. Auch \u00fcber Surfskates w\u00fcrden wir uns sehr freuen. <\/p>\n\n\n\n<p>Das Besondere an diesem Flohmarkt ist, dass jeder die M\u00f6glichkeit hat, selbst auszustellen und zu verkaufen. Wenn du also alte Boards, Zubeh\u00f6r oder coole Skate-Kleidung hast, die du nicht mehr brauchst, kannst du sie hier einem neuen Besitzer \u00fcberlassen und vielleicht sogar das ein oder andere Schn\u00e4ppchen ergattern.<\/p>\n\n\n\n<p>Neben dem St\u00f6bern und Shoppen bietet der Skate-Flohmarkt auch eine gro\u00dfartige Gelegenheit, Gleichgesinnte zu treffen, sich \u00fcber Tricks auszutauschen und einfach eine gute Zeit zu haben. Vielleicht findest du ja sogar neue Skate-Buddies, mit denen du in Zukunft die Stra\u00dfen unsicher machen kannst.<\/p>\n\n\n\n<p>Also markiere dir den 21. April fett in deinem Kalender und sei dabei beim Skate-Flohmarkt des Vereins &#8222;Gemeinsam Skaten&#8220;. Ein Tag voller Spa\u00df, Action und nat\u00fcrlich jeder Menge Skaten.  Wir sehen uns auf den Wheels, die uns die Welt bedeuten!<\/p>\n<\/div>\n\n\n\n<div class=\"wp-block-column is-layout-flow wp-block-column-is-layout-flow\">\n<figure class=\"wp-block-image size-large\"><img loading=\"lazy\" decoding=\"async\" width=\"819\" height=\"1024\" src=\"https:\/\/gemeinsam-skaten.at\/wp-content\/uploads\/2024\/04\/Skate-Flohmarkt_KL-819x1024.jpg\" alt=\"\" class=\"wp-image-126\" srcset=\"https:\/\/gemeinsam-skaten.at\/wp-content\/uploads\/2024\/04\/Skate-Flohmarkt_KL-819x1024.jpg 819w, https:\/\/gemeinsam-skaten.at\/wp-content\/uploads\/2024\/04\/Skate-Flohmarkt_KL-240x300.jpg 240w, https:\/\/gemeinsam-skaten.at\/wp-content\/uploads\/2024\/04\/Skate-Flohmarkt_KL-768x960.jpg 768w, https:\/\/gemeinsam-skaten.at\/wp-content\/uploads\/2024\/04\/Skate-Flohmarkt_KL.jpg 945w\" sizes=\"auto, (max-width: 819px) 100vw, 819px\" \/><\/figure>\n<\/div>\n<\/div>\n","protected":false},"excerpt":{"rendered":"<p>So, 21.04.2024 Skate-Flohmarkt Am Sonntag, den 21. April 2024, wird die Skate-Community am Skatepark unter der Nordbr\u00fccken einen aufregenden Tag erleben, denn der Verein &#8222;Gemeinsam Skaten&#8220; l\u00e4dt zum ultimativen Skate-Flohmarkt ein! Von 13:00 bis 17:00 Uhr wird der Skatepark zum Treffpunkt f\u00fcr alle Skate-Enthusiasten (Skateboard, Rollschuh und Inlineskates) und solche, die es werden wollen. Der&#8230;<\/p>\n","protected":false},"author":1,"featured_media":0,"parent":0,"menu_order":0,"comment_status":"closed","ping_status":"closed","template":"","meta":{"_kad_post_transparent":"","_kad_post_title":"","_kad_post_layout":"","_kad_post_sidebar_id":"","_kad_post_content_style":"","_kad_post_vertical_padding":"","_kad_post_feature":"","_kad_post_feature_position":"","_kad_post_header":false,"_kad_post_footer":false,"footnotes":""},"class_list":["post-118","page","type-page","status-publish","hentry"],"_links":{"self":[{"href":"https:\/\/gemeinsam-skaten.at\/index.php?rest_route=\/wp\/v2\/pages\/118","targetHints":{"allow":["GET"]}}],"collection":[{"href":"https:\/\/gemeinsam-skaten.at\/index.php?rest_route=\/wp\/v2\/pages"}],"about":[{"href":"https:\/\/gemeinsam-skaten.at\/index.php?rest_route=\/wp\/v2\/types\/page"}],"author":[{"embeddable":true,"href":"https:\/\/gemeinsam-skaten.at\/index.php?rest_route=\/wp\/v2\/users\/1"}],"replies":[{"embeddable":true,"href":"https:\/\/gemeinsam-skaten.at\/index.php?rest_route=%2Fwp%2Fv2%2Fcomments&post=118"}],"version-history":[{"count":7,"href":"https:\/\/gemeinsam-skaten.at\/index.php?rest_route=\/wp\/v2\/pages\/118\/revisions"}],"predecessor-version":[{"id":128,"href":"https:\/\/gemeinsam-skaten.at\/index.php?rest_route=\/wp\/v2\/pages\/118\/revisions\/128"}],"wp:attachment":[{"href":"https:\/\/gemeinsam-skaten.at\/index.php?rest_route=%2Fwp%2Fv2%2Fmedia&parent=118"}],"curies":[{"name":"wp","href":"https:\/\/api.w.org\/{rel}","templated":true}]}}